{"id":262,"date":"2021-05-23T14:36:54","date_gmt":"2021-05-23T17:36:54","guid":{"rendered":"http:\/\/grassmann.com.br\/?page_id=262"},"modified":"2024-08-06T18:38:14","modified_gmt":"2024-08-06T21:38:14","slug":"photos","status":"publish","type":"page","link":"https:\/\/grassmann.com.br\/index.php\/photos\/","title":{"rendered":"Photos"},"content":{"rendered":"\n<p>fotos bem variadas&#8230; <\/p>\n\n\n\n<figure class=\"wp-block-gallery aligncenter has-nested-images columns-2 is-cropped wp-block-gallery-1 is-layout-flex wp-block-gallery-is-layout-flex\">\n<figure class=\"wp-block-image size-large\"><img loading=\"lazy\" decoding=\"async\" width=\"1024\" height=\"716\" data-id=\"264\" src=\"https:\/\/grassmann.com.br\/wp-content\/uploads\/2021\/05\/EU-SHOW-BNMC-1-1024x716.jpg\" alt=\"\" class=\"wp-image-264\" srcset=\"https:\/\/grassmann.com.br\/wp-content\/uploads\/2021\/05\/EU-SHOW-BNMC-1-1024x716.jpg 1024w, https:\/\/grassmann.com.br\/wp-content\/uploads\/2021\/05\/EU-SHOW-BNMC-1-300x210.jpg 300w, https:\/\/grassmann.com.br\/wp-content\/uploads\/2021\/05\/EU-SHOW-BNMC-1-768x537.jpg 768w, https:\/\/grassmann.com.br\/wp-content\/uploads\/2021\/05\/EU-SHOW-BNMC-1-1536x1074.jpg 1536w, https:\/\/grassmann.com.br\/wp-content\/uploads\/2021\/05\/EU-SHOW-BNMC-1.jpg 1541w\" sizes=\"auto, (max-width: 1024px) 100vw, 1024px\" \/><figcaption class=\"wp-element-caption\">Tocando com a banda Bem Nascidos e Mal Criados<br>Centro Cultural SP &#8211; 1995<\/figcaption><\/figure>\n\n\n\n<figure class=\"wp-block-image size-large\"><img loading=\"lazy\" decoding=\"async\" width=\"752\" height=\"500\" data-id=\"265\" src=\"https:\/\/grassmann.com.br\/wp-content\/uploads\/2021\/05\/Eu-foto-Pat-1.jpg\" alt=\"\" class=\"wp-image-265\" srcset=\"https:\/\/grassmann.com.br\/wp-content\/uploads\/2021\/05\/Eu-foto-Pat-1.jpg 752w, https:\/\/grassmann.com.br\/wp-content\/uploads\/2021\/05\/Eu-foto-Pat-1-300x199.jpg 300w\" sizes=\"auto, (max-width: 752px) 100vw, 752px\" \/><figcaption class=\"wp-element-caption\">Gravando o hino da Marcha pela Paz &#8211; 2009<\/figcaption><\/figure>\n\n\n\n<figure class=\"wp-block-image size-large\"><img loading=\"lazy\" decoding=\"async\" width=\"1020\" height=\"564\" data-id=\"266\" src=\"https:\/\/grassmann.com.br\/wp-content\/uploads\/2021\/05\/EuViolao-2.png\" alt=\"\" class=\"wp-image-266\" srcset=\"https:\/\/grassmann.com.br\/wp-content\/uploads\/2021\/05\/EuViolao-2.png 1020w, https:\/\/grassmann.com.br\/wp-content\/uploads\/2021\/05\/EuViolao-2-300x166.png 300w, https:\/\/grassmann.com.br\/wp-content\/uploads\/2021\/05\/EuViolao-2-768x425.png 768w\" sizes=\"auto, (max-width: 1020px) 100vw, 1020px\" \/><figcaption class=\"wp-element-caption\">Curso Musica em 50 videos &#8211; 2014<\/figcaption><\/figure>\n\n\n\n<figure class=\"wp-block-image size-large\"><img loading=\"lazy\" decoding=\"async\" width=\"320\" height=\"320\" data-id=\"267\" src=\"https:\/\/grassmann.com.br\/wp-content\/uploads\/2021\/05\/Mirna-Grzich_pb.jpg\" alt=\"\" class=\"wp-image-267\" srcset=\"https:\/\/grassmann.com.br\/wp-content\/uploads\/2021\/05\/Mirna-Grzich_pb.jpg 320w, https:\/\/grassmann.com.br\/wp-content\/uploads\/2021\/05\/Mirna-Grzich_pb-300x300.jpg 300w, https:\/\/grassmann.com.br\/wp-content\/uploads\/2021\/05\/Mirna-Grzich_pb-150x150.jpg 150w\" sizes=\"auto, (max-width: 320px) 100vw, 320px\" \/><figcaption class=\"wp-element-caption\">Minha querida amiga Mirna Grzich<\/figcaption><\/figure>\n\n\n\n<figure class=\"wp-block-image size-large\"><img loading=\"lazy\" decoding=\"async\" width=\"1024\" height=\"1024\" data-id=\"355\" src=\"https:\/\/grassmann.com.br\/wp-content\/uploads\/2023\/05\/WhatsApp-Image-2019-11-10-at-11.05.59-1024x1024.jpeg\" alt=\"\" class=\"wp-image-355\" srcset=\"https:\/\/grassmann.com.br\/wp-content\/uploads\/2023\/05\/WhatsApp-Image-2019-11-10-at-11.05.59-1024x1024.jpeg 1024w, https:\/\/grassmann.com.br\/wp-content\/uploads\/2023\/05\/WhatsApp-Image-2019-11-10-at-11.05.59-300x300.jpeg 300w, https:\/\/grassmann.com.br\/wp-content\/uploads\/2023\/05\/WhatsApp-Image-2019-11-10-at-11.05.59-150x150.jpeg 150w, https:\/\/grassmann.com.br\/wp-content\/uploads\/2023\/05\/WhatsApp-Image-2019-11-10-at-11.05.59-768x768.jpeg 768w, https:\/\/grassmann.com.br\/wp-content\/uploads\/2023\/05\/WhatsApp-Image-2019-11-10-at-11.05.59-533x533.jpeg 533w, https:\/\/grassmann.com.br\/wp-content\/uploads\/2023\/05\/WhatsApp-Image-2019-11-10-at-11.05.59-640x640.jpeg 640w, https:\/\/grassmann.com.br\/wp-content\/uploads\/2023\/05\/WhatsApp-Image-2019-11-10-at-11.05.59-864x864.jpeg 864w, https:\/\/grassmann.com.br\/wp-content\/uploads\/2023\/05\/WhatsApp-Image-2019-11-10-at-11.05.59.jpeg 1080w\" sizes=\"auto, (max-width: 1024px) 100vw, 1024px\" \/><figcaption class=\"wp-element-caption\">Duo Grassmann &#8211; Feira Holistica em 2019<\/figcaption><\/figure>\n\n\n\n<figure class=\"wp-block-image size-large\"><img loading=\"lazy\" decoding=\"async\" width=\"640\" height=\"640\" data-id=\"356\" src=\"https:\/\/grassmann.com.br\/wp-content\/uploads\/2023\/05\/108958277_116039693327355_1545958645050857084_n.jpg\" alt=\"\" class=\"wp-image-356\" srcset=\"https:\/\/grassmann.com.br\/wp-content\/uploads\/2023\/05\/108958277_116039693327355_1545958645050857084_n.jpg 640w, https:\/\/grassmann.com.br\/wp-content\/uploads\/2023\/05\/108958277_116039693327355_1545958645050857084_n-300x300.jpg 300w, https:\/\/grassmann.com.br\/wp-content\/uploads\/2023\/05\/108958277_116039693327355_1545958645050857084_n-150x150.jpg 150w, https:\/\/grassmann.com.br\/wp-content\/uploads\/2023\/05\/108958277_116039693327355_1545958645050857084_n-533x533.jpg 533w\" sizes=\"auto, (max-width: 640px) 100vw, 640px\" \/><figcaption class=\"wp-element-caption\">Brincando no piano num sagu\u00e3o de hotel<\/figcaption><\/figure>\n\n\n\n<figure class=\"wp-block-image size-large\"><img loading=\"lazy\" decoding=\"async\" width=\"612\" height=\"612\" data-id=\"357\" src=\"https:\/\/grassmann.com.br\/wp-content\/uploads\/2023\/05\/117393028_728328104676745_6555215285900386467_n.jpg\" alt=\"\" class=\"wp-image-357\" srcset=\"https:\/\/grassmann.com.br\/wp-content\/uploads\/2023\/05\/117393028_728328104676745_6555215285900386467_n.jpg 612w, https:\/\/grassmann.com.br\/wp-content\/uploads\/2023\/05\/117393028_728328104676745_6555215285900386467_n-300x300.jpg 300w, https:\/\/grassmann.com.br\/wp-content\/uploads\/2023\/05\/117393028_728328104676745_6555215285900386467_n-150x150.jpg 150w, https:\/\/grassmann.com.br\/wp-content\/uploads\/2023\/05\/117393028_728328104676745_6555215285900386467_n-533x533.jpg 533w\" sizes=\"auto, (max-width: 612px) 100vw, 612px\" \/><figcaption class=\"wp-element-caption\">Gravando para um SAMPLER &#8211; aula de Reason<\/figcaption><\/figure>\n\n\n\n<figure class=\"wp-block-image size-large\"><img loading=\"lazy\" decoding=\"async\" width=\"579\" height=\"494\" data-id=\"358\" src=\"https:\/\/grassmann.com.br\/wp-content\/uploads\/2023\/05\/CAPA-PG-04.png\" alt=\"\" class=\"wp-image-358\" srcset=\"https:\/\/grassmann.com.br\/wp-content\/uploads\/2023\/05\/CAPA-PG-04.png 579w, https:\/\/grassmann.com.br\/wp-content\/uploads\/2023\/05\/CAPA-PG-04-300x256.png 300w\" sizes=\"auto, (max-width: 579px) 100vw, 579px\" \/><figcaption class=\"wp-element-caption\">Imitando uma capa de P.Gabriel<\/figcaption><\/figure>\n\n\n\n<figure class=\"wp-block-image size-large\"><img loading=\"lazy\" decoding=\"async\" width=\"1024\" height=\"685\" data-id=\"360\" src=\"https:\/\/grassmann.com.br\/wp-content\/uploads\/2023\/05\/BNMC-4-1024x685.jpeg\" alt=\"\" class=\"wp-image-360\" srcset=\"https:\/\/grassmann.com.br\/wp-content\/uploads\/2023\/05\/BNMC-4-1024x685.jpeg 1024w, https:\/\/grassmann.com.br\/wp-content\/uploads\/2023\/05\/BNMC-4-300x201.jpeg 300w, https:\/\/grassmann.com.br\/wp-content\/uploads\/2023\/05\/BNMC-4-768x514.jpeg 768w, https:\/\/grassmann.com.br\/wp-content\/uploads\/2023\/05\/BNMC-4.jpeg 1196w\" sizes=\"auto, (max-width: 1024px) 100vw, 1024px\" \/><figcaption class=\"wp-element-caption\">outra com a banda Bem Nascidos e Mal Criados<\/figcaption><\/figure>\n\n\n\n<figure class=\"wp-block-image size-large\"><img loading=\"lazy\" decoding=\"async\" width=\"945\" height=\"721\" data-id=\"361\" src=\"https:\/\/grassmann.com.br\/wp-content\/uploads\/2023\/05\/Chandra-e-Eu.png\" alt=\"\" class=\"wp-image-361\" srcset=\"https:\/\/grassmann.com.br\/wp-content\/uploads\/2023\/05\/Chandra-e-Eu.png 945w, https:\/\/grassmann.com.br\/wp-content\/uploads\/2023\/05\/Chandra-e-Eu-300x229.png 300w, https:\/\/grassmann.com.br\/wp-content\/uploads\/2023\/05\/Chandra-e-Eu-768x586.png 768w\" sizes=\"auto, (max-width: 945px) 100vw, 945px\" \/><figcaption class=\"wp-element-caption\">Gravando Chandra Lacombe &#8211; pr\u00e9 produ\u00e7\u00e3o<\/figcaption><\/figure>\n\n\n\n<figure class=\"wp-block-image size-large\"><img loading=\"lazy\" decoding=\"async\" width=\"612\" height=\"612\" data-id=\"362\" src=\"https:\/\/grassmann.com.br\/wp-content\/uploads\/2023\/05\/Chamada-MUSICA-com-Grassmann.jpg\" alt=\"\" class=\"wp-image-362\" srcset=\"https:\/\/grassmann.com.br\/wp-content\/uploads\/2023\/05\/Chamada-MUSICA-com-Grassmann.jpg 612w, https:\/\/grassmann.com.br\/wp-content\/uploads\/2023\/05\/Chamada-MUSICA-com-Grassmann-300x300.jpg 300w, https:\/\/grassmann.com.br\/wp-content\/uploads\/2023\/05\/Chamada-MUSICA-com-Grassmann-150x150.jpg 150w, https:\/\/grassmann.com.br\/wp-content\/uploads\/2023\/05\/Chamada-MUSICA-com-Grassmann-533x533.jpg 533w\" sizes=\"auto, (max-width: 612px) 100vw, 612px\" \/><figcaption class=\"wp-element-caption\">ainda n\u00e3o terminei o video 2 &#8230;<\/figcaption><\/figure>\n\n\n\n<figure class=\"wp-block-image size-large\"><img loading=\"lazy\" decoding=\"async\" width=\"730\" height=\"730\" data-id=\"363\" src=\"https:\/\/grassmann.com.br\/wp-content\/uploads\/2023\/05\/Duo-Grassmann-na-Expo-Holista-2019.png\" alt=\"\" class=\"wp-image-363\" srcset=\"https:\/\/grassmann.com.br\/wp-content\/uploads\/2023\/05\/Duo-Grassmann-na-Expo-Holista-2019.png 730w, https:\/\/grassmann.com.br\/wp-content\/uploads\/2023\/05\/Duo-Grassmann-na-Expo-Holista-2019-300x300.png 300w, https:\/\/grassmann.com.br\/wp-content\/uploads\/2023\/05\/Duo-Grassmann-na-Expo-Holista-2019-150x150.png 150w, https:\/\/grassmann.com.br\/wp-content\/uploads\/2023\/05\/Duo-Grassmann-na-Expo-Holista-2019-533x533.png 533w, https:\/\/grassmann.com.br\/wp-content\/uploads\/2023\/05\/Duo-Grassmann-na-Expo-Holista-2019-640x640.png 640w\" sizes=\"auto, (max-width: 730px) 100vw, 730px\" \/><\/figure>\n\n\n\n<figure class=\"wp-block-image size-large\"><img loading=\"lazy\" decoding=\"async\" width=\"1008\" height=\"1024\" data-id=\"364\" src=\"https:\/\/grassmann.com.br\/wp-content\/uploads\/2023\/05\/Eu-cavanhaque-e-blaser-1008x1024.png\" alt=\"\" class=\"wp-image-364\" srcset=\"https:\/\/grassmann.com.br\/wp-content\/uploads\/2023\/05\/Eu-cavanhaque-e-blaser-1008x1024.png 1008w, https:\/\/grassmann.com.br\/wp-content\/uploads\/2023\/05\/Eu-cavanhaque-e-blaser-295x300.png 295w, https:\/\/grassmann.com.br\/wp-content\/uploads\/2023\/05\/Eu-cavanhaque-e-blaser-768x780.png 768w, https:\/\/grassmann.com.br\/wp-content\/uploads\/2023\/05\/Eu-cavanhaque-e-blaser-1512x1536.png 1512w, https:\/\/grassmann.com.br\/wp-content\/uploads\/2023\/05\/Eu-cavanhaque-e-blaser-2016x2048.png 2016w\" sizes=\"auto, (max-width: 1008px) 100vw, 1008px\" \/><figcaption class=\"wp-element-caption\">de cavanhaque<\/figcaption><\/figure>\n\n\n\n<figure class=\"wp-block-image size-large\"><img loading=\"lazy\" decoding=\"async\" width=\"487\" height=\"487\" data-id=\"365\" src=\"https:\/\/grassmann.com.br\/wp-content\/uploads\/2023\/05\/EU-E-BAIXO-ROSA.jpg\" alt=\"\" class=\"wp-image-365\" srcset=\"https:\/\/grassmann.com.br\/wp-content\/uploads\/2023\/05\/EU-E-BAIXO-ROSA.jpg 487w, https:\/\/grassmann.com.br\/wp-content\/uploads\/2023\/05\/EU-E-BAIXO-ROSA-300x300.jpg 300w, https:\/\/grassmann.com.br\/wp-content\/uploads\/2023\/05\/EU-E-BAIXO-ROSA-150x150.jpg 150w\" sizes=\"auto, (max-width: 487px) 100vw, 487px\" \/><figcaption class=\"wp-element-caption\">tocando baixo &#8211; 1974<\/figcaption><\/figure>\n\n\n\n<figure class=\"wp-block-image size-large\"><img loading=\"lazy\" decoding=\"async\" width=\"1024\" height=\"811\" data-id=\"366\" src=\"https:\/\/grassmann.com.br\/wp-content\/uploads\/2023\/05\/WOMEX15-1024x811.jpg\" alt=\"\" class=\"wp-image-366\" srcset=\"https:\/\/grassmann.com.br\/wp-content\/uploads\/2023\/05\/WOMEX15-1024x811.jpg 1024w, https:\/\/grassmann.com.br\/wp-content\/uploads\/2023\/05\/WOMEX15-300x238.jpg 300w, https:\/\/grassmann.com.br\/wp-content\/uploads\/2023\/05\/WOMEX15-768x608.jpg 768w, https:\/\/grassmann.com.br\/wp-content\/uploads\/2023\/05\/WOMEX15.jpg 1445w\" sizes=\"auto, (max-width: 1024px) 100vw, 1024px\" \/><figcaption class=\"wp-element-caption\">Com Ana Rita Simonka na Womex &#8211; 2015<\/figcaption><\/figure>\n\n\n\n<figure class=\"wp-block-image size-large\"><img loading=\"lazy\" decoding=\"async\" width=\"1024\" height=\"737\" data-id=\"367\" src=\"https:\/\/grassmann.com.br\/wp-content\/uploads\/2023\/05\/Sintagma-com-V-Alcantara-no-Sesc-1024x737.jpg\" alt=\"\" class=\"wp-image-367\" srcset=\"https:\/\/grassmann.com.br\/wp-content\/uploads\/2023\/05\/Sintagma-com-V-Alcantara-no-Sesc-1024x737.jpg 1024w, https:\/\/grassmann.com.br\/wp-content\/uploads\/2023\/05\/Sintagma-com-V-Alcantara-no-Sesc-300x216.jpg 300w, https:\/\/grassmann.com.br\/wp-content\/uploads\/2023\/05\/Sintagma-com-V-Alcantara-no-Sesc-768x553.jpg 768w, https:\/\/grassmann.com.br\/wp-content\/uploads\/2023\/05\/Sintagma-com-V-Alcantara-no-Sesc-1536x1106.jpg 1536w, https:\/\/grassmann.com.br\/wp-content\/uploads\/2023\/05\/Sintagma-com-V-Alcantara-no-Sesc-2048x1475.jpg 2048w\" sizes=\"auto, (max-width: 1024px) 100vw, 1024px\" \/><figcaption class=\"wp-element-caption\">Com a banda Sintagma &#8211; Sesc Pompeia &#8211; 1987<\/figcaption><\/figure>\n\n\n\n<figure class=\"wp-block-image size-large\"><img loading=\"lazy\" decoding=\"async\" width=\"1024\" height=\"728\" data-id=\"370\" src=\"https:\/\/grassmann.com.br\/wp-content\/uploads\/2023\/05\/GRV-SINTAGMA-com-Anselmo-1024x728.png\" alt=\"\" class=\"wp-image-370\" srcset=\"https:\/\/grassmann.com.br\/wp-content\/uploads\/2023\/05\/GRV-SINTAGMA-com-Anselmo-1024x728.png 1024w, https:\/\/grassmann.com.br\/wp-content\/uploads\/2023\/05\/GRV-SINTAGMA-com-Anselmo-300x213.png 300w, https:\/\/grassmann.com.br\/wp-content\/uploads\/2023\/05\/GRV-SINTAGMA-com-Anselmo-768x546.png 768w, https:\/\/grassmann.com.br\/wp-content\/uploads\/2023\/05\/GRV-SINTAGMA-com-Anselmo-1536x1092.png 1536w, https:\/\/grassmann.com.br\/wp-content\/uploads\/2023\/05\/GRV-SINTAGMA-com-Anselmo.png 1710w\" sizes=\"auto, (max-width: 1024px) 100vw, 1024px\" \/><figcaption class=\"wp-element-caption\">Gravando com o Sintagma &#8211; 1986<\/figcaption><\/figure>\n\n\n\n<figure class=\"wp-block-image size-large\"><img loading=\"lazy\" decoding=\"async\" width=\"982\" height=\"696\" data-id=\"371\" src=\"https:\/\/grassmann.com.br\/wp-content\/uploads\/2023\/05\/EuGtr-tifanni.jpg\" alt=\"\" class=\"wp-image-371\" srcset=\"https:\/\/grassmann.com.br\/wp-content\/uploads\/2023\/05\/EuGtr-tifanni.jpg 982w, https:\/\/grassmann.com.br\/wp-content\/uploads\/2023\/05\/EuGtr-tifanni-300x213.jpg 300w, https:\/\/grassmann.com.br\/wp-content\/uploads\/2023\/05\/EuGtr-tifanni-768x544.jpg 768w\" sizes=\"auto, (max-width: 982px) 100vw, 982px\" \/><\/figure>\n\n\n\n<figure class=\"wp-block-image size-large\"><img loading=\"lazy\" decoding=\"async\" width=\"754\" height=\"1024\" data-id=\"372\" src=\"https:\/\/grassmann.com.br\/wp-content\/uploads\/2023\/05\/Eu-na-Feira-Cultural-754x1024.jpg\" alt=\"\" class=\"wp-image-372\" srcset=\"https:\/\/grassmann.com.br\/wp-content\/uploads\/2023\/05\/Eu-na-Feira-Cultural-754x1024.jpg 754w, https:\/\/grassmann.com.br\/wp-content\/uploads\/2023\/05\/Eu-na-Feira-Cultural-221x300.jpg 221w, https:\/\/grassmann.com.br\/wp-content\/uploads\/2023\/05\/Eu-na-Feira-Cultural-768x1044.jpg 768w, https:\/\/grassmann.com.br\/wp-content\/uploads\/2023\/05\/Eu-na-Feira-Cultural-1130x1536.jpg 1130w, https:\/\/grassmann.com.br\/wp-content\/uploads\/2023\/05\/Eu-na-Feira-Cultural-1507x2048.jpg 1507w, https:\/\/grassmann.com.br\/wp-content\/uploads\/2023\/05\/Eu-na-Feira-Cultural-scaled.jpg 1884w\" sizes=\"auto, (max-width: 754px) 100vw, 754px\" \/><figcaption class=\"wp-element-caption\">Com Ale (Duo Grassmann) em Jundia\u00ed &#8211; 2020<\/figcaption><\/figure>\n\n\n\n<figure class=\"wp-block-image size-large\"><img loading=\"lazy\" decoding=\"async\" width=\"1024\" height=\"729\" data-id=\"398\" src=\"https:\/\/grassmann.com.br\/wp-content\/uploads\/2024\/08\/Eu-na-Apinages-1024x729.jpeg\" alt=\"\" class=\"wp-image-398\" srcset=\"https:\/\/grassmann.com.br\/wp-content\/uploads\/2024\/08\/Eu-na-Apinages-1024x729.jpeg 1024w, https:\/\/grassmann.com.br\/wp-content\/uploads\/2024\/08\/Eu-na-Apinages-300x214.jpeg 300w, https:\/\/grassmann.com.br\/wp-content\/uploads\/2024\/08\/Eu-na-Apinages-768x547.jpeg 768w, https:\/\/grassmann.com.br\/wp-content\/uploads\/2024\/08\/Eu-na-Apinages-1536x1093.jpeg 1536w, https:\/\/grassmann.com.br\/wp-content\/uploads\/2024\/08\/Eu-na-Apinages-2048x1458.jpeg 2048w\" sizes=\"auto, (max-width: 1024px) 100vw, 1024px\" \/><figcaption class=\"wp-element-caption\">Nasce o est\u00fadio FrequenCia Rara &#8211; 1988<\/figcaption><\/figure>\n\n\n\n<figure class=\"wp-block-image size-large\"><img loading=\"lazy\" decoding=\"async\" width=\"1024\" height=\"883\" data-id=\"399\" src=\"https:\/\/grassmann.com.br\/wp-content\/uploads\/2024\/08\/Eu-Consciencia-Cosmica-1024x883.png\" alt=\"\" class=\"wp-image-399\" srcset=\"https:\/\/grassmann.com.br\/wp-content\/uploads\/2024\/08\/Eu-Consciencia-Cosmica-1024x883.png 1024w, https:\/\/grassmann.com.br\/wp-content\/uploads\/2024\/08\/Eu-Consciencia-Cosmica-300x259.png 300w, https:\/\/grassmann.com.br\/wp-content\/uploads\/2024\/08\/Eu-Consciencia-Cosmica-768x662.png 768w, https:\/\/grassmann.com.br\/wp-content\/uploads\/2024\/08\/Eu-Consciencia-Cosmica-1536x1325.png 1536w, https:\/\/grassmann.com.br\/wp-content\/uploads\/2024\/08\/Eu-Consciencia-Cosmica-2048x1767.png 2048w\" sizes=\"auto, (max-width: 1024px) 100vw, 1024px\" \/><figcaption class=\"wp-element-caption\">Mantras &#8211; no Cosci\u00eancia C\u00f3smica 2022<\/figcaption><\/figure>\n\n\n\n<figure class=\"wp-block-image size-large\"><img loading=\"lazy\" decoding=\"async\" width=\"1024\" height=\"980\" data-id=\"400\" src=\"https:\/\/grassmann.com.br\/wp-content\/uploads\/2024\/08\/Raul-de-Souza-Ale-e-Eu-1024x980.jpeg\" alt=\"\" class=\"wp-image-400\" srcset=\"https:\/\/grassmann.com.br\/wp-content\/uploads\/2024\/08\/Raul-de-Souza-Ale-e-Eu-1024x980.jpeg 1024w, https:\/\/grassmann.com.br\/wp-content\/uploads\/2024\/08\/Raul-de-Souza-Ale-e-Eu-300x287.jpeg 300w, https:\/\/grassmann.com.br\/wp-content\/uploads\/2024\/08\/Raul-de-Souza-Ale-e-Eu-768x735.jpeg 768w, https:\/\/grassmann.com.br\/wp-content\/uploads\/2024\/08\/Raul-de-Souza-Ale-e-Eu-1536x1469.jpeg 1536w, https:\/\/grassmann.com.br\/wp-content\/uploads\/2024\/08\/Raul-de-Souza-Ale-e-Eu.jpeg 1590w\" sizes=\"auto, (max-width: 1024px) 100vw, 1024px\" \/><figcaption class=\"wp-element-caption\">Al\u00ea, Raul de Souza e eu no Sesc Pomp\u00e9ia 2017<\/figcaption><\/figure>\n\n\n\n<figure class=\"wp-block-image size-large\"><img loading=\"lazy\" decoding=\"async\" width=\"1014\" height=\"1024\" data-id=\"401\" src=\"https:\/\/grassmann.com.br\/wp-content\/uploads\/2024\/08\/Eu-e-Osvaldinho-MOSH-1014x1024.jpg\" alt=\"\" class=\"wp-image-401\" srcset=\"https:\/\/grassmann.com.br\/wp-content\/uploads\/2024\/08\/Eu-e-Osvaldinho-MOSH-1014x1024.jpg 1014w, https:\/\/grassmann.com.br\/wp-content\/uploads\/2024\/08\/Eu-e-Osvaldinho-MOSH-297x300.jpg 297w, https:\/\/grassmann.com.br\/wp-content\/uploads\/2024\/08\/Eu-e-Osvaldinho-MOSH-150x150.jpg 150w, https:\/\/grassmann.com.br\/wp-content\/uploads\/2024\/08\/Eu-e-Osvaldinho-MOSH-768x776.jpg 768w, https:\/\/grassmann.com.br\/wp-content\/uploads\/2024\/08\/Eu-e-Osvaldinho-MOSH.jpg 1080w\" sizes=\"auto, (max-width: 1014px) 100vw, 1014px\" \/><figcaption class=\"wp-element-caption\">Eu com Oswaldinho (MOSH) 2023<\/figcaption><\/figure>\n\n\n\n<figure class=\"wp-block-image size-large\"><img loading=\"lazy\" decoding=\"async\" width=\"968\" height=\"968\" data-id=\"406\" src=\"https:\/\/grassmann.com.br\/wp-content\/uploads\/2024\/08\/WhatsApp-Image-2023-03-03-at-12.32.15.jpeg\" alt=\"\" class=\"wp-image-406\" srcset=\"https:\/\/grassmann.com.br\/wp-content\/uploads\/2024\/08\/WhatsApp-Image-2023-03-03-at-12.32.15.jpeg 968w, https:\/\/grassmann.com.br\/wp-content\/uploads\/2024\/08\/WhatsApp-Image-2023-03-03-at-12.32.15-300x300.jpeg 300w, https:\/\/grassmann.com.br\/wp-content\/uploads\/2024\/08\/WhatsApp-Image-2023-03-03-at-12.32.15-150x150.jpeg 150w, https:\/\/grassmann.com.br\/wp-content\/uploads\/2024\/08\/WhatsApp-Image-2023-03-03-at-12.32.15-768x768.jpeg 768w, https:\/\/grassmann.com.br\/wp-content\/uploads\/2024\/08\/WhatsApp-Image-2023-03-03-at-12.32.15-533x533.jpeg 533w, https:\/\/grassmann.com.br\/wp-content\/uploads\/2024\/08\/WhatsApp-Image-2023-03-03-at-12.32.15-640x640.jpeg 640w, https:\/\/grassmann.com.br\/wp-content\/uploads\/2024\/08\/WhatsApp-Image-2023-03-03-at-12.32.15-864x864.jpeg 864w\" sizes=\"auto, (max-width: 968px) 100vw, 968px\" \/><figcaption class=\"wp-element-caption\">Al\u00ea &#8211; Fil\u00f3 Machado &#8211; Eu<\/figcaption><\/figure>\n\n\n\n<figure class=\"wp-block-image size-large\"><img loading=\"lazy\" decoding=\"async\" width=\"1024\" height=\"768\" data-id=\"402\" src=\"https:\/\/grassmann.com.br\/wp-content\/uploads\/2024\/08\/IMG_0141-1024x768.jpg\" alt=\"\" class=\"wp-image-402\" srcset=\"https:\/\/grassmann.com.br\/wp-content\/uploads\/2024\/08\/IMG_0141-1024x768.jpg 1024w, https:\/\/grassmann.com.br\/wp-content\/uploads\/2024\/08\/IMG_0141-300x225.jpg 300w, https:\/\/grassmann.com.br\/wp-content\/uploads\/2024\/08\/IMG_0141-768x576.jpg 768w, https:\/\/grassmann.com.br\/wp-content\/uploads\/2024\/08\/IMG_0141-1536x1152.jpg 1536w, https:\/\/grassmann.com.br\/wp-content\/uploads\/2024\/08\/IMG_0141-2048x1536.jpg 2048w\" sizes=\"auto, (max-width: 1024px) 100vw, 1024px\" \/><figcaption class=\"wp-element-caption\">Show com Chandra e Fus\u00e3o Divina &#8211; 2022<\/figcaption><\/figure>\n\n\n\n<figure class=\"wp-block-image size-large\"><img loading=\"lazy\" decoding=\"async\" width=\"1024\" height=\"1024\" data-id=\"403\" src=\"https:\/\/grassmann.com.br\/wp-content\/uploads\/2024\/08\/MIX-E-MASTER-SOUNDBETTER-INSTA-1024x1024.jpg\" alt=\"\" class=\"wp-image-403\" srcset=\"https:\/\/grassmann.com.br\/wp-content\/uploads\/2024\/08\/MIX-E-MASTER-SOUNDBETTER-INSTA-1024x1024.jpg 1024w, https:\/\/grassmann.com.br\/wp-content\/uploads\/2024\/08\/MIX-E-MASTER-SOUNDBETTER-INSTA-300x300.jpg 300w, https:\/\/grassmann.com.br\/wp-content\/uploads\/2024\/08\/MIX-E-MASTER-SOUNDBETTER-INSTA-150x150.jpg 150w, https:\/\/grassmann.com.br\/wp-content\/uploads\/2024\/08\/MIX-E-MASTER-SOUNDBETTER-INSTA-768x768.jpg 768w, https:\/\/grassmann.com.br\/wp-content\/uploads\/2024\/08\/MIX-E-MASTER-SOUNDBETTER-INSTA-1536x1536.jpg 1536w, https:\/\/grassmann.com.br\/wp-content\/uploads\/2024\/08\/MIX-E-MASTER-SOUNDBETTER-INSTA-533x533.jpg 533w, https:\/\/grassmann.com.br\/wp-content\/uploads\/2024\/08\/MIX-E-MASTER-SOUNDBETTER-INSTA-640x640.jpg 640w, https:\/\/grassmann.com.br\/wp-content\/uploads\/2024\/08\/MIX-E-MASTER-SOUNDBETTER-INSTA-864x864.jpg 864w, https:\/\/grassmann.com.br\/wp-content\/uploads\/2024\/08\/MIX-E-MASTER-SOUNDBETTER-INSTA.jpg 1600w\" sizes=\"auto, (max-width: 1024px) 100vw, 1024px\" \/><figcaption class=\"wp-element-caption\">Agora estou no SoundBetter!<\/figcaption><\/figure>\n\n\n\n<figure class=\"wp-block-image size-large\"><img loading=\"lazy\" decoding=\"async\" width=\"1024\" height=\"685\" data-id=\"409\" src=\"https:\/\/grassmann.com.br\/wp-content\/uploads\/2024\/08\/1f88a8e0-2dce-4982-a1bf-42909bc8309e-1024x685.jpg\" alt=\"\" class=\"wp-image-409\" srcset=\"https:\/\/grassmann.com.br\/wp-content\/uploads\/2024\/08\/1f88a8e0-2dce-4982-a1bf-42909bc8309e-1024x685.jpg 1024w, https:\/\/grassmann.com.br\/wp-content\/uploads\/2024\/08\/1f88a8e0-2dce-4982-a1bf-42909bc8309e-300x201.jpg 300w, https:\/\/grassmann.com.br\/wp-content\/uploads\/2024\/08\/1f88a8e0-2dce-4982-a1bf-42909bc8309e-768x513.jpg 768w, https:\/\/grassmann.com.br\/wp-content\/uploads\/2024\/08\/1f88a8e0-2dce-4982-a1bf-42909bc8309e.jpg 1424w\" sizes=\"auto, (max-width: 1024px) 100vw, 1024px\" \/><figcaption class=\"wp-element-caption\">Proscenium Project &#8211; 2000<\/figcaption><\/figure>\n<\/figure>\n","protected":false},"excerpt":{"rendered":"<p>fotos bem variadas&#8230;<\/p>\n","protected":false},"author":1,"featured_media":0,"parent":0,"menu_order":0,"comment_status":"closed","ping_status":"closed","template":"","meta":{"om_disable_all_campaigns":false,"_monsterinsights_skip_tracking":false,"_monsterinsights_sitenote_active":false,"_monsterinsights_sitenote_note":"","_monsterinsights_sitenote_category":0,"footnotes":""},"class_list":["post-262","page","type-page","status-publish","hentry"],"aioseo_notices":[],"_links":{"self":[{"href":"https:\/\/grassmann.com.br\/index.php\/wp-json\/wp\/v2\/pages\/262","targetHints":{"allow":["GET"]}}],"collection":[{"href":"https:\/\/grassmann.com.br\/index.php\/wp-json\/wp\/v2\/pages"}],"about":[{"href":"https:\/\/grassmann.com.br\/index.php\/wp-json\/wp\/v2\/types\/page"}],"author":[{"embeddable":true,"href":"https:\/\/grassmann.com.br\/index.php\/wp-json\/wp\/v2\/users\/1"}],"replies":[{"embeddable":true,"href":"https:\/\/grassmann.com.br\/index.php\/wp-json\/wp\/v2\/comments?post=262"}],"version-history":[{"count":9,"href":"https:\/\/grassmann.com.br\/index.php\/wp-json\/wp\/v2\/pages\/262\/revisions"}],"predecessor-version":[{"id":411,"href":"https:\/\/grassmann.com.br\/index.php\/wp-json\/wp\/v2\/pages\/262\/revisions\/411"}],"wp:attachment":[{"href":"https:\/\/grassmann.com.br\/index.php\/wp-json\/wp\/v2\/media?parent=262"}],"curies":[{"name":"wp","href":"https:\/\/api.w.org\/{rel}","templated":true}]}}